4 - 3) + 1
19
2 - 19 - (-8 + -2)
-7
Evaluate 1 + (32 - 30 - -5).
8
Calculate 1 + -43 + (213 - 183).
-12
What is the value of 5 + -9 + -9 + 0 + -4 - -10?
-7
What is the value of -46 + 14 + -6 - -19 - 2?
-21
What is 29 + -23 + (1 - 3 - -1) - 20?
-15
Evaluate -7 + (-3 - (-21 + -13 + 25)).
-1
Evaluate -3 + 1 + 4 - (-48 - -59).
-9
Calculate 1 + 17 - 10 - 7.
1
Calculate 11 - -1 - (10 + (-39 - -26)).
15
2 - (-1 - (1 + -3 - -6))
7
Calculate (-5 + 38 - -12 - 16) + -3.
26
Evaluate 20 + ((9 - 0) + -17 - (-2 + 1)).
13
Evaluate 0 + -2 + -13 - (3 - -7 - 10).
-15
Evaluate 1 + -4 + -11 + -1 + 19.
4
Evaluate -7 + 7 + 0 + (-37 - -28) + -1.
-10
What is (-1 - (2 + 0 - 0)) + (24 - 10)?
11
What is the value of 24 - 17 - -11 - 21?
-3
(3 - (-14 + 6 - 1)) + -14
-2
Evaluate 65 + -57 + (5 + 1 - (9 - 9)).
14
What is the value of 18 - (21 - -11) - -20?
6
What is 78 + -70 + (-1 - 8)?
-1
(-20 - (18 + (-1 - 17))) + 8
-12
What is -8 + (0 + -11 + 14 - (-13 - 2))?
10
Evaluate -714 + 679 + 29 + 0.
-6
What is the value of 9 - (3 + (1 + -2 - 2 - 2))?
11
What is the value of (-7 - (-2 + (-6 - 5))) + 6?
12
Evaluate 24 + 18 - (10 + 3).
29
What is the value of (2 - -15) + 2 + (1971 - 1968)?
22
Evaluate -19 + 19 - ((3 - -2 - 9) + -1).
5
32 - (1 + 8 + 136 + -140)
27
Evaluate -1 - (-6 + -19 + 9 + 12).
3
(-4 - (2 + 1)) + 14 + -1 - 14
-8
What is the value of -1 + (1 - (1 + -1 + 2)) + -14?
-16
Evaluate 5 + (-32 + 11 - -9) - -4.
-3
What is (-2 + 3 - 7) + (235 - 224)?
5
What is the value of 1 + 3 + 5 + (17 - 22)?
4
Evaluate 1 + -8 + (-3 - -5) + (-19 - -16).
-8
What is the value of (-1 - -46) + (1493 - 1517)?
21
-5 - (-2 - -14 - 17 - -3)
-3
Calculate 13 - (35 - (34 - -12)).
24
0 + -2 - (-5 - (-2 - 8))
-7
Evaluate 9 + -4 - 0 - (0 - -2).
3
(4 - 2) + -2 + -7 + 3 + 16
12
What is the value of 8 + -12 + 3 + 3 - 0?
2
14 + -56 + 24 + -1 + -1
-20
Evaluate 26 - (14 + -21 + 5 + 15).
13
What is -10 + (-1 - (5 - (-4 - -1) - 1))?
-18
(-1440 - -1444) + 1 + -27 + 0
-22
Calculate (7 - 51 - -11) + -3 + -1 + -2.
-39
Calculate -24 - 2 - (74 + -95).
-5
Evaluate (-4 - -1 - 1) + 3 + -90 + 60.
-31
Evaluate 12 + -28 + -6 + (-7 - 2).
-31
What is -1 + -7 + (3 + -3 + 5 - 5)?
-8
Evaluate (-10 - -6 - 24) + 1 + 0 - -6.
-21
(-5 - (2 + -12)) + -15 + -5
-15
Calculate -1 - (-9 - -3 - -9 - (-2 + -1)).
-7
Calculate (-27 - -23) + 5 - -15.
16
What is -18 + -1 - (-61 - -32) - -7?
17
Evaluate 26 - 12 - -7 - 29.
-8
Evaluate (38 - 63) + 14 + 7 - (-7 - 1).
4
What is 22 - 2 - -21 - (10 + 0)?
31
What is the value of 2 - (2 - 1 - (223 + -224))?
0
Calculate -4 + (-35 - 1) + (-74 - -85).
-29
Calculate 27 + -11 + -17 + 21 + -1.
19
What is -4 + -10 + (3 - -9)?
-2
What is the value of (-1 - 2) + -3 - ((-4 - -3) + -17)?
12
Evaluate -21 - (-14 + (13 - 9) + 8).
-19
Calculate 11 - (9 - (-3 + -5 + 4)).
-2
What is -11 + -20 + 56 + -17 + 11?
19
Evaluate 4 + (16 - (3 - -11)) - (-1 - -2).
5
What is 7 - (-14 - -7) - (6 - (-1 - -2))?
9
What is -3 - (13 + 2) - (-3 - (10 + -5))?
-10
(3 - (-11 - (-9 - -4))) + -11
-2
What is the value of -22 + 2 + (-6 + 2 - -5 - -3)?
-16
What is (6 - -2) + -4 - (36 - 12)?
-20
What is 5 + (-32 + 9 - -14)?
-4
What is (6 + -12 + 8 - -1) + 7?
10
What is 1 - 3 - (21 + -23 + -3 + 0)?
3
What is the value of (36 - 8) + 18 - 40?
6
What is 0 + 27 - (186 - 175)?
16
What is -8 - (9 + (-5 - (11 + (-7 - 2))))?
-10
What is the value of (29 - -4 - 28) + -36?
-31
What is 5 + -7 + 8 + -12 - (5 + 3)?
-14
What is (11 - (1 + 0)) + -183 + 177?
4
What is -4 + 8 + -10 - 3 - 5?
-14
Calculate -8 - (-9 + (28 - 6) + -8).
-13
(6 - 19) + (-3 - (12 + -7)) + 2
-19
(683 - 642) + 3 + -16
28
Calculate 29 - (51 + 6 - 34).
6
Evaluate (16 - (-12 + 11 + -13)) + -10.
20
What is 9 + 2 - 3 - 14?
-6
8 - (9 + -6 - (-9 + 16))
12
Calculate 36 - (-8 + 3 + 18).
23
What is 9 - (-10 - -23) - (3 - 1)?
-6
What is the value of (0 - -2 - (13 - (6 + 11))) + -7?
-1
What is the value of 0 + (-10 + -11 - -10 - 1)?
-12
What is -21 + 27 - (6 + 13 + -29)?
16
Evaluate 12 - (10 + (-2 - 1)).
5
Evaluate (-14 - (17 + -3)) + 17.
-11
What is 1 - (13 + -31 + 28)?
-9
6 - (12 + -6) - -4 - -4
8
What is -8 - (-18 + (-9 - (7 - 14)))?
12
What is the value of 9 + 2 + -6 + 13 + 19 + -36?
1
What is the value of 18 - (-6 + -5 - -31)?
-2
What is the value of -1 + -2 + 0 + (-15 - (24 + -29))?
-13
(22 - 1) + (30 - -5 - 51)
5
(-11 - 1) + 16 - (2 + (2 - -2))
-2
Evaluate -8 - (2 - (4 - (-9 + (7 - -1)))).
-5
Evaluate (1 + 32 - (86 + -80)) + 8 + -9.
26
What is 16 - ((57 - 51) + (-11 - -1) - -3)?
17
Calculate -2 + 1 - (-10 - -11).
-2
What is 6 - (21 - 14) - (1 + 0 - 25)?
23
What is the value of (-1 - -1 - 13) + 66 + -59?
-6
What is the value of 13 + (-31 + 19 - 5)?
-4
What is (-1 - 4) + (22 - 9 - 12)?
-4
What is the value of -2 + (0 - -3 - (4 + -2)) + 2?
1
What is the value of (31 - 24 - (5 - 0)) + (-2 - 4)?
-4
-20 + -1 - ((-35 - -34) + -4 + 2)
-18
What is the value of -5 - (-3 + 5 + -18)?
11
-1 + (-1 - (2 - (-4 - -1))) + -6
-13
What is the value of 14 - ((-11 - 4) + 42) - -9?
-4
What is the value of (13 - 2) + (-6 + -2 - (19 + -22))?
6
What is the value of -4 + -18 + 11 + -2?
-13
What is the value of -9 - ((1 - (12 - -3)) + -9)?
14
Calculate 40 - (-31 - (-79 + 29)).
21
-7 + 0 + 0 + 8 + (-26 - -15)
-10
Calculate -4 + (11 + -1 - 8 - 4) - -1.
-5
What is the value of 0 - 13 - (61 + -91) - -3?
20
What is -69 - -77 - (1 - 2 - -6)?
3
Evaluate -141 - -160 - (-3 - 1).
23
Evaluate -13 + 14 + -26 + 41.
16
Calculate 14 + (-5 - (-17 + 8)) + -11.
7
Calculate -18 - -15 - 7 - 4.
-14
What is the value of 7 + (-5 - (21 - 15))?
-4
What is -12 + (-32 - (-12 + -21))?
-11
Calculate -9 + (10 - (-3 - (2 - 0))).
6
What is 10 - (15 + -22 + (38 - (-7 - -7)))?
-21
Calculate 1 - 10 - (19 + 3 - (-240 + 258)).
-13
Evaluate -4 + 0 - (-5 - (1 + -14)).
-12
Evaluate -1 + (1 - (-29 + 5 + 12)).
12
What is the value of 14 + -21 - (-6 - -15)?
-16
What is (5 - (14 - -6)) + 6?
-9
(1 - -1) + 45 + -79 + 33
1
Calculate (-9 - (-2 + 1)) + (1210 - 1176).
26
What is -28 + (3 - 0) - (2 + 8 + -19)?
-16
Calculate -5 - -39 - (21 - 2).
15
(-24 - -6) + 4 - (-20 + 9)
-3
14 + -18 + (-9 - (0 - 13)) + 11
11
Calculate -12 - (-9 + 0 + -2).
-1
Calculate 29 - (-6 - -16) - 19.
0
14 + -20 + 14 - 16
-8
What is 24 - -14 - 22 - 18?
-2
(-2 - -9) + -14 - (1 - 0) - -6
-2
Calculate (61 - 48) + (3 - 6).
10
5 + 1 - (-7 + 24 + -15)
4
2 + -2 + -4 + -6 - (-112 - -105)
-3
What is the value of 2 - (-2 - 1 - 3) - (16 - 11)?
3
What is the value of 0 - -5 - (-11 - (-13 - (-10 - -5)))?
8
Calculate 33 + (2 - 11 - 6).
18
Calculate 37 - (-5 - (-3 - -7) - (81 - 101)).
26
What is 33 + 8 + -78 + 30?
-7
Evaluate 13 - (-147 - -139 - (2 + -19)).
4
Calculate 2 + (-4 - 21) - (2 - (4 - -5)).
-16
What is the value of -4 + (-41 - -32) + 34?
21
Evaluate -4 - ((-8 + -8 + 16 - 3) + 7).
-8
What is the value of 3 + 5 + (368 - 369)?
7
Evaluate -5 - (29 + 7 + -25).
-16
-12 + 14 + -16 - (6 - 0)
-20
What is (-24 - 1) + 668 + -655?
-12
What is -1 - -17 - (197 - 190)?
9
(2 + 1 - 12) + 17 + -16
-8
What is 1686 + -1642 + (1 - 27)?
18
What is the value of -13 + 7 - (-5 + -4)?
3
What is the value of 17 + (16 - 32) + (4 - -1 - -5)?
11
Calculate 10 + -4 - (3 + 5) - 7.
-9
What is the value of (28 - 12 - 18) + 24 + (-3 - -1)?
20
-16 + 0 - (-85 - -73)
-4
What is 1 - (-11 - -6) - (1 - -1) - 8?
-4
What is 2 + (-2 - 4) + 7 + -1?
2
-11 + (3 - -15) + -1
6
Evaluate -1 + 5 + -6 + (10 - 7) - -10.
11
Evaluate (-19 - 4) + 26 - (1 + -11).
13
Calculate -21 + 12 + (0 - -2) + 47 + -14.
26
Calculate 9 + (11 - 6) + -5.
9
What is the value of (-6 - -2) + (8 + -16 - (-9 - -2))?
-5
Evaluate -63 + -12 + 41 + 71.
37
Evaluate 22 - (-34 + (76 - 21)).
1
What is (45 - 16) + 1 - 14?
16
What is 0 + 4 + -9 + 0?
-5
Evaluate 1 - (8 - -4 - 4) - (10 - 23).
6
What is the value of (-14 + 7 - -14) + 1?
8
Calculate (11 - (-13 + 30)) + (0 - (4 - 1)).
-9
Evaluate -10 - -4 - -4 - (-56 - -65).
-11
3 + 9 - (95 + -108) - -2
27
Calculate 2 - (9 + -1 + (-14 - -4) + 6).
-2
15 + -8 + 16 + (-20 - -8) + 6
17
Evaluate (-21 - -17 - -6) + -14.
-12
What is the value of 5 + 0 + (-3 - (-1 - (-11 - 4)))?
-12
What is -17 - (0 + 6) - (71 - 78)?
-16
(-4 - (7 - 5)) + (2 + -6 - -1)
-9
23 + (14 + -46 - -14)
5
Evaluate 9 + (89 - 84) + 0 + 6.
20
What is the value of (-3 + -3 - (-10 + 5)) + -6?
-7
Calculate (0 + 1 - -1 - 0) + -924 + 937.
15
What is the value of (26 + -34 - -25) + 7 